 4082*g + 8161. Calculate m(2).
61
Let z(l) = -3*l**3 - 58*l**2 + 3*l - 71. Determine z(-17).
-2145
Let h(k) = 656705*k - 7880489. Determine h(12).
-29
Let o(k) = -2052*k - 26260. Calculate o(-13).
416
Let a(m) = 51*m + 6414. Determine a(-133).
-369
Let h(a) = -2*a**2 - 24*a + 1747. Determine h(24).
19
Let h(d) = -24438*d + 24508. What is h(1)?
70
Let y(b) = -2*b**2 + 11349*b - 147186. Give y(13).
13
Let z(x) = -238*x**2 + 4517*x + 53. Give z(19).
-42
Let m(y) = 15*y**2 - 154*y + 222. Determine m(2).
-26
Let y(a) = a**3 - 817*a**2 + 61572*a - 81. Give y(733).
-81
Let o(s) = -47718*s + 9018714. Give o(189).
12
Let y(q) = -8*q**2 + 2356*q - 21615. Give y(285).
45
Let u(n) = -23*n**3 - 18*n**2 - 79*n + 10. Calculate u(-5).
2830
Let i(f) = 4*f**2 - 4575*f + 268223. Determine i(62).
-51
Let j(i) = 2*i**2 - 2280*i - 44078. What is j(-19)?
-36
Let l(n) = 1838*n + 312463. Calculate l(-170).
3
Let x(k) = -577*k - 2862. Calculate x(-3).
-1131
Let w(b) = -3*b**3 + 5*b**2 - 29*b + 283. What is w(10)?
-2507
Let z(r) = 307*r**2 - 2830*r + 5932. What is z(6)?
4
Let l(y) = -138219*y + 829094. What is l(6)?
-220
Let z(r) = -4662*r - 662025. Determine z(-142).
-21
Let b(c) = c**3 - 5*c**2 - 2344*c - 9351. What is b(-4)?
-119
Let f(k) = k**2 + 138*k - 3743. Calculate f(-161).
-40
Let z(n) = 5191*n + 20094. What is z(-4)?
-670
Let j(o) = 39*o**2 + 1990*o + 29. Give j(-51).
-22
Let u(b) = 157*b**2 + 69474*b - 34110. Calculate u(-443).
1
Let h(x) = 16*x**2 + 161*x + 340. Calculate h(-3).
1
Let f(z) = -2*z**3 - 301*z**2 - 7387*z + 6329. Determine f(-32).
25
Let o(k) = k**2 - 350*k + 9630. Give o(320).
30
Let j(z) = -11*z**2 - 842*z + 3527. Determine j(4).
-17
Let m(h) = h**3 - 15*h**2 + 3908*h - 42588. Calculate m(11).
-84
Let h(m) = 4*m**2 - 1553*m + 60804. Determine h(344).
-84
Let f(u) = -21006*u + 51401679. Calculate f(2447).
-3
Let d(o) = 3846*o + 34107. Calculate d(-9).
-507
Let m(a) = a**2 + 413*a + 33922. Calculate m(-113).
22
Let b(q) = -1280*q + 985. Calculate b(1).
-295
Let k(g) = 302448*g - 3326930. Calculate k(11).
-2
Let p(a) = 3052*a + 27480. What is p(-9)?
12
Let w(h) = 730*h + 40367. Give w(-54).
947
Let o(b) = -b**3 - 9*b**2 + 13332*b + 79912. Calculate o(-6).
-188
Let x(b) = 3*b**2 - 115*b + 928. Determine x(29).
116
Let q(c) = -3*c**2 - 124*c + 53249. What is q(114)?
125
Let o(w) = 14*w**2 - 424*w + 2936. What is o(7)?
654
Let g(h) = -127*h + 15954. Give g(125).
79
Let z(k) = -2395*k + 52533. Calculate z(22).
-157
Let h(l) = -187*l**2 + 29422*l - 29425. What is h(1)?
-190
Let l(f) = -f**2 + 984498*f - 27565150. Determine l(28).
10
Let l(w) = w**3 + 11*w**2 + 16*w + 208. What is l(-11)?
32
Let o(k) = 2*k**3 - 836*k**2 + 4891*k + 21837. Calculate o(412).
1
Let k(s) = 6*s**2 - 27980*s - 55952. What is k(-2)?
32
Let v(l) = l**3 - 6363*l**2 + 798079*l + 131. Determine v(128).
3
Let q(s) = 16*s**2 - 236466*s - 472937. What is q(-2)?
59
Let p(h) = 875*h + 32444. What is p(-37)?
69
Let k(v) = 383*v**2 - 12617*v + 12612. What is k(1)?
378
Let b(o) = -2509*o + 107641. Give b(43).
-246
Let y(w) = 2059*w - 21895. Calculate y(13).
4872
Let l(v) = 21*v**3 + 317*v**2 - 67*v - 1459. Calculate l(-15).
-4
Let f(k) = 18088*k - 1067200. Calculate f(59).
-8
Let k(g) = 314273*g - 12570912. Calculate k(40).
8
Let w(y) = -138*y**2 + 2488*y + 5. Calculate w(18).
77
Let m(q) = -27*q**2 + 961*q + 73. What is m(37)?
-1333
Let w(k) = -k**3 - 24*k**2 - 121*k - 32. Calculate w(-5).
98
Let p(i) = -31*i + 6144. Calculate p(195).
99
Let d(s) = -103*s**2 + 675*s - 649. Calculate d(1).
-77
Let k(u) = u**2 + 235*u + 9292. What is k(-50)?
42
Let l(d) = -411*d**2 + 82*d - 2. What is l(1)?
-331
Let r(a) = -a**3 + 15*a**2 + 29*a + 39. Determine r(17).
-46
Let q(s) = s**3 + 284*s**2 - 6726*s - 139. Give q(22).
-7
Let d(j) = -j**3 + 83*j**2 + 286*j - 23941. Calculate d(83).
-203
Let k(d) = -7*d**3 + 87*d**2 + 33*d + 95. Calculate k(13).
-152
Let c(g) = 2428*g + 22061. Give c(-8).
2637
Let n(w) = 78114*w + 546826. What is n(-7)?
28
Let w(f) = -8*f**2 + 833*f - 21603. What is w(55)?
12
Let d(z) = 88*z**3 - 2379*z**2 + 103*z - 579. What is d(27)?
15
Let n(a) = a**3 - 30*a**2 + 181*a - 3484. Give n(28).
16
Let k(l) = 44474*l + 44475. What is k(-1)?
1
Let h(t) = -t**3 - 7*t**2 + 298*t + 2039. Give h(-7).
-47
Let q(i) = -7466*i - 283699. What is q(-38)?
9
Let r(n) = -12308*n - 183948. Calculate r(-15).
672
Let s(t) = 8*t**2 - 92*t - 102. Calculate s(29).
3958
Let q(o) = -121*o - 801. What is q(-2)?
-559
Let v(l) = l**3 + 5*l**2 + 28*l - 1407. Give v(0).
-1407
Let l(b) = -1159666*b + 2319343. Give l(2).
11
Let x(g) = -g**3 - 16*g**2 - 62*g + 19. What is x(-7)?
12
Let p(t) = 206*t - 16787. Determine p(81).
-101
Let y(r) = r**2 + 177*r + 6363. Calculate y(-44).
511
Let l(j) = 123*j**3 - j + 4. Calculate l(-2).
-978
Let p(q) = 35081*q - 280653. What is p(8)?
-5
Let l(r) = 46*r**2 + 4262*r - 1229. Give l(-93).
259
Let p(i) = -26*i**3 + 7*i**2 - 642*i - 1930. Determine p(-3).
761
Let i(n) = 17*n**2 - 122450*n - 367509. Calculate i(-3).
-6
Let b(x) = -13585*x**3 - 203776*x**2 - 4*x + 164. Determine b(-15).
-1
Let n(b) = 112360*b + 449433. Calculate n(-4).
-7
Let q(w) = 2296461*w - 16075229. Determine q(7).
-2
Let o(h) = -129*h - 20905. Determine o(-167).
638
Let j(u) = 8872*u - 2209130. Determine j(249).
-2
Let l(d) = -4*d**2 + 471*d - 6785. Give l(101).
-18
Let z(q) = 149*q**2 + 638*q - 786. Give z(1).
1
Let b(o) = 1729*o - 48460. Calculate b(28).
-48
Let g(y) = 17275*y + 1192024. Determine g(-69).
49
Let u(g) = -2910*g - 811749. Determine u(-279).
141
Let m(w) = 2*w**2 - 71*w + 819. Give m(29).
442
Let z(u) = -424*u + 124665. What is z(294)?
9
Let u(r) = r**2 + 132*r + 1045. Determine u(-125).
170
Let i(h) = 340*h - 34672. Give i(102).
8
Let c(q) = 2*q**3 - 99*q**2 - 74*q + 297. Give c(50).
-903
Let p(u) = -32530*u - 325307. What is p(-10)?
-7
Let o(g) = g**3 - 139*g**2 - 2574*g - 12199. What is o(156)?
-31
Let v(m) = 16*m**3 - 610*m**2 + 34*m + 1586. What is v(38)?
-10
Let c(v) = -723*v + 19538. Determine c(27).
17
Let v(z) = -112*z**2 + 1179*z - 1559. Calculate v(9).
-20
Let a(j) = -39*j**3 - 8*j**2 - 473*j + 1521. What is a(3)?
-1023
Let n(f) = -6*f**2 + 115*f + 282. Give n(19).
301
Let x(y) = y**3 - 77*y**2 + 422*y - 26292. Calculate x(76).
4
Let n(f) = 16*f**3 + 2*f**2 + 15*f + 107. Give n(-4).
-945
Let l(r) = -108*r - 8121. Calculate l(-81).
627
Let y(w) = 101*w**3 + 154*w**2 - 12*w + 4. What is y(-2)?
-164
Let z(v) = v**3 + 3031*v - 52561. Determine z(16).
31
Let k(j) = -3*j**2 + 285*j + 572. What is k(98)?
-310
Let m(j) = 7*j**2 + 966*j - 2533. Give m(-139).
-1560
Let u(j) = 3*j**3 + 7*j**2 - 384*j - 1100. Calculate u(-11).
-22
Let b(i) = 212*i - 1525. Determine b(14).
1443
Let o(y) = -y**2 + 853*y + 59674. Determine o(-65).
4
Let s(p) = -2*p**3 + 72*p**2 - 144*p + 2567. Calculate s(35).
-23
Let i(g) = 80663*g + 80605. Give i(-1).
-58
Let m(n) = 6115*n - 5984. What is m(1)?
131
Let u(m) = -m**3 - 315*m**2 - 1498*m + 16094. Give u(-310).
-26
Let c(n) = 1696196*n + 1696222. What is c(-1)?
26
Let l(u) = -u**2 - 195*u + 23. What is l(0)?
23
Let p(t) = -24*t + 42. Calculate p(9).
-174
Let b(o) = o**3 - 64*o**2 + 725*o - 51359. Calculate b(65).
-9
Let k(j) = 58307*j + 3556702. Give k(-61).
-25
Let m(y) = -7*y**3 + 21*y**2 - 13*y + 5. Calculate m(8).
-2339
Let s(v) = -17*v**2 - 397*v - 1767. Determine s(-17).
69
Let o(t) = 670*t - 78223. Calculate o(117).
167
Let j(r) = 1560*r + 11265. Give j(-7).
345
Let r(w) = 2*w**3 - 3*w**2 + 9*w - 1206. Give r(0).
-1206
Let v(k) = -27961201*k - 139806011. Calculate v(-5).
-6
Let q(o) = 101*o**3 + 365*o**2 - 367*o. Calculate q(1).
99
Let f(z) = 4*z**2 + 423*z + 4175. Calculate f(-10).
345
Let u(g) = g**2 + 45309*g + 135918. Determine u(-3).
0
Let w(t) = 304654*t + 1827938. Calculate w(-6).
14
Let a(u) = 87*u - 16144. Calculate a(187).
125
Let x(u) = 182626*u - 10592247. Calculate x(58).
61
Let g(x) = -35*x**2 + 775*x + 74. Determine g(22).
184
Let j(r) = 986*r**2 - 9860*r + 12. Determine j(10).
12
Let p(h) = -8840*h + 4579169. What is p(518)?
49
Let w(t) = -2139*t + 34218. Calculate w(16).
-6
Let c(o) = -44*o**3 - 15*o**2 + 13*o + 50. Give c(3).
-1234
Let i(p) = 6976*p + 167272. Give i(-24).
-152
Let z(t) = -499*t + 4975. What is z(10)?
-15
Let g(s) = -2*s